{"id":2,"date":"2010-08-11T11:14:00","date_gmt":"2010-08-11T11:14:00","guid":{"rendered":"http:\/\/chrege.bumba.ch\/wp?page_id=2"},"modified":"2011-08-31T19:07:09","modified_gmt":"2011-08-31T19:07:09","slug":"about","status":"publish","type":"page","link":"https:\/\/www.christineseebacher.ch\/","title":{"rendered":"Home"},"content":{"rendered":"<p>Liebe Besucherinnen und Besucher, ich freue mich, Sie hier auf der Autoren Website von Christine Seebacher begr\u00fcssen zu d\u00fcrfen, und ich m\u00f6chte Ihnen sagen, dass ich Ihr Interesse an mir und meiner Arbeit sehr zu sch\u00e4tzen weiss.<\/p>\n<p>&nbsp;<\/p>\n<p><strong>Stelle Dir einen Baum vor mit vielen Bl\u00e4ttern.<\/strong><br \/>\n<strong> Ein Blatt ist nur ein Blatt, aber es erz\u00e4hlt viele Geschichten!<\/strong><br \/>\n<strong> Jedes Blatt erz\u00e4hlt seine eigene Geschichte &#8211; nur seine.<\/strong><br \/>\n<strong> Also lass Dich auf diese Geschichten ein \u2013 verbreite sie wie der Wind, trage sie in die Welt hinaus und hilf dem Baum seine Wurzeln zu st\u00e4rken.<\/strong><br \/>\n<strong> Ich danke Dir<\/strong><\/p>\n<p>&nbsp;<\/p>\n<p><strong>Jedes Individuum sucht seinen Platz auf dieser Erde.<\/strong><br \/>\n<strong> Kein Individuum ist dem andern gleich.<\/strong><br \/>\n<strong> Ich bin ein einmaliges Individuum \u2013 Du auch!<\/strong><\/p>\n<p>&nbsp;<\/p>\n<p>&#8211; Christine Seebacher<\/p>\n","protected":false},"excerpt":{"rendered":"<p>Liebe Besucherinnen und Besucher, ich freue mich, Sie hier auf der Autoren Website von Christine Seebacher begr\u00fcssen zu d\u00fcrfen, und ich m\u00f6chte Ihnen sagen, dass ich Ihr Interesse an mir und meiner Arbeit sehr zu sch\u00e4tzen weiss. &nbsp; Stelle Dir &hellip; <a href=\"https:\/\/www.christineseebacher.ch\/\">Weiterlesen <span class=\"meta-nav\">&rarr;<\/span><\/a><\/p>\n","protected":false},"author":1,"featured_media":0,"parent":0,"menu_order":0,"comment_status":"closed","ping_status":"closed","template":"","meta":{"footnotes":""},"class_list":["post-2","page","type-page","status-publish","hentry"],"_links":{"self":[{"href":"https:\/\/www.christineseebacher.ch\/index.php?rest_route=\/wp\/v2\/pages\/2","targetHints":{"allow":["GET"]}}],"collection":[{"href":"https:\/\/www.christineseebacher.ch\/index.php?rest_route=\/wp\/v2\/pages"}],"about":[{"href":"https:\/\/www.christineseebacher.ch\/index.php?rest_route=\/wp\/v2\/types\/page"}],"author":[{"embeddable":true,"href":"https:\/\/www.christineseebacher.ch\/index.php?rest_route=\/wp\/v2\/users\/1"}],"replies":[{"embeddable":true,"href":"https:\/\/www.christineseebacher.ch\/index.php?rest_route=%2Fwp%2Fv2%2Fcomments&post=2"}],"version-history":[{"count":19,"href":"https:\/\/www.christineseebacher.ch\/index.php?rest_route=\/wp\/v2\/pages\/2\/revisions"}],"predecessor-version":[{"id":119,"href":"https:\/\/www.christineseebacher.ch\/index.php?rest_route=\/wp\/v2\/pages\/2\/revisions\/119"}],"wp:attachment":[{"href":"https:\/\/www.christineseebacher.ch\/index.php?rest_route=%2Fwp%2Fv2%2Fmedia&parent=2"}],"curies":[{"name":"wp","href":"https:\/\/api.w.org\/{rel}","templated":true}]}}